t is the remainder when 880486 is divided by 381?
376
What is the remainder when 3547 is divided by 770?
467
Calculate the remainder when 14103 is divided by 49.
40
Calculate the remainder when 5914 is divided by 117.
64
Calculate the remainder when 326 is divided by 137.
52
Calculate the remainder when 1983 is divided by 1967.
16
What is the remainder when 97097 is divided by 160?
137
What is the remainder when 5092 is divided by 202?
42
What is the remainder when 4181859 is divided by 114?
111
What is the remainder when 60872 is divided by 125?
122
Calculate the remainder when 5401 is divided by 198.
55
What is the remainder when 57651 is divided by 1647?
6
What is the remainder when 21117 is divided by 10444?
229
What is the remainder when 571 is divided by 497?
74
Calculate the remainder when 21135 is divided by 7042.
9
Calculate the remainder when 483 is divided by 69.
0
Calculate the remainder when 521877 is divided by 2394.
2379
What is the remainder when 5656 is divided by 810?
796
Calculate the remainder when 7837 is divided by 140.
137
What is the remainder when 66263 is divided by 50?
13
What is the remainder when 119512 is divided by 62?
38
Calculate the remainder when 757556 is divided by 321.
317
What is the remainder when 132106 is divided by 12007?
29
Calculate the remainder when 484390 is divided by 121093.
18
Calculate the remainder when 74893 is divided by 18699.
97
Calculate the remainder when 9694 is divided by 14.
6
What is the remainder when 8473 is divided by 443?
56
What is the remainder when 1865 is divided by 542?
239
What is the remainder when 104803 is divided by 51?
49
Calculate the remainder when 17341 is divided by 17334.
7
What is the remainder when 188136 is divided by 567?
459
What is the remainder when 3941 is divided by 1298?
47
Calculate the remainder when 390218 is divided by 115.
23
What is the remainder when 10588 is divided by 217?
172
Calculate the remainder when 40150 is divided by 691.
72
Calculate the remainder when 40049 is divided by 178.
177
Calculate the remainder when 63246 is divided by 12645.
21
What is the remainder when 333522 is divided by 213?
177
Calculate the remainder when 12897 is divided by 150.
147
Calculate the remainder when 1012859 is divided by 17.
16
What is the remainder when 74110 is divided by 365?
15
Calculate the remainder when 14779 is divided by 7379.
21
What is the remainder when 67482 is divided by 2699?
7
Calculate the remainder when 241 is divided by 200.
41
What is the remainder when 25351 is divided by 35?
11
Calculate the remainder when 32169 is divided by 13.
7
Calculate the remainder when 20257 is divided by 10126.
5
Calculate the remainder when 10362 is divided by 77.
44
What is the remainder when 2779 is divided by 76?
43
Calculate the remainder when 6043 is divided by 184.
155
Calculate the remainder when 5308 is divided by 61.
1
Calculate the remainder when 261363 is divided by 76.
75
What is the remainder when 29982 is divided by 77?
29
What is the remainder when 1419 is divided by 359?
342
Calculate the remainder when 23573 is divided by 271.
267
What is the remainder when 18063077 is divided by 1085?
1082
Calculate the remainder when 441347 is divided by 110333.
15
What is the remainder when 6264 is divided by 212?
116
What is the remainder when 247949 is divided by 39?
26
What is the remainder when 8840 is divided by 4419?
2
What is the remainder when 52827 is divided by 8795?
57
What is the remainder when 185253 is divided by 498?
495
What is the remainder when 3782 is divided by 3642?
140
Calculate the remainder when 12124 is divided by 12119.
5
Calculate the remainder when 548608 is divided by 182864.
16
What is the remainder when 3395609 is divided by 9?
8
What is the remainder when 37499 is divided by 1137?
1115
Calculate the remainder when 1775 is divided by 161.
4
Calculate the remainder when 31394 is divided by 10463.
5
What is the remainder when 54761 is divided by 18?
5
What is the remainder when 123861 is divided by 52?
49
Calculate the remainder when 27834 is divided by 278.
34
Calculate the remainder when 6587 is divided by 53.
15
What is the remainder when 4778 is divided by 217?
4
Calculate the remainder when 14212 is divided by 4725.
37
Calculate the remainder when 338510 is divided by 41.
14
Calculate the remainder when 80720 is divided by 80716.
4
Calculate the remainder when 660353 is divided by 35.
8
Calculate the remainder when 2716 is divided by 170.
166
What is the remainder when 811943 is divided by 7?
6
What is the remainder when 23585 is divided by 23514?
71
What is the remainder when 518157 is divided by 703?
46
What is the remainder when 483 is divided by 295?
188
What is the remainder when 33913 is divided by 1549?
1384
What is the remainder when 3757 is divided by 70?
47
Calculate the remainder when 118077 is divided by 39358.
3
Calculate the remainder when 5289 is divided by 358.
277
Calculate the remainder when 4840 is divided by 127.
14
Calculate the remainder when 1723 is divided by 566.
25
Calculate the remainder when 332668 is divided by 277.
268
Calculate the remainder when 1959 is divided by 290.
219
What is the remainder when 681272 is divided by 839?
4
Calculate the remainder when 88830 is divided by 5224.
22
What is the remainder when 1337 is divided by 207?
95
What is the remainder when 8742 is divided by 131?
96
Calculate the remainder when 6217748 is divided by 425.
423
What is the remainder when 37816 is divided by 12564?
124
Calculate the remainder when 125833 is divided by 41940.
13
What is the remainder when 1227 is divided by 299?
31
Calculate the remainder when 59104 is divided by 374.
12
What is the remainder when 18137 is divided by 94?
89
What is the remainder when 35786 is divided by 35777?
9
What is the remainder when 1006726 is divided by 28?
14
Calculate the remainder when 17677 is divided by 227.
198
What is the remainder when 10299 is divided by 363?
135
Calculate the remainder when 4170 is divided by 55.
45
Calculate the remainder when 38954 is divided by 247.
175
What is the remainder when 701248 is divided by 125?
123
What is the remainder when 73172 is divided by 8130?
2
What is the remainder when 84255 is divided by 453?
450
Calculate the remainder when 6677 is divided by 2219.
20
What is the remainder when 90760 is divided by 24?
16
Calculate the remainder when 2064 is divided by 209.
183
What is the remainder when 75426 is divided by 11?
10
Calculate the remainder when 465227 is divided by 465226.
1
Calculate the remainder when 3214 is divided by 190.
174
Calculate the remainder when 47319 is divided by 3942.
15
What is the remainder when 13135 is divided by 740?
555
Calculate the remainder when 924338 is divided by 308105.
23
Calculate the remainder when 10045 is divided by 2448.
253
Calculate the remainder when 117572 is divided by 142.
138
Calculate the remainder when 1653 is divided by 277.
268
Calculate the remainder when 1999660 is divided by 658.
656
Calculate the remainder when 10882 is divided by 1673.
844
What is the remainder when 6173 is divided by 452?
297
Calculate the remainder when 4401 is divided by 398.
23
What is the remainder when 637309 is divided by 15544?
5
Calculate the remainder when 371 is divided by 14.
7
Calculate the remainder when 9750 is divided by 1619.
36
What is the remainder when 35876 is divided by 52?
48
What is the remainder when 54246 is divided by 6?
0
What is the remainder when 2309 is divided by 632?
413
Calculate the remainder when 940715 is divided by 252.
251
Calculate the remainder when 41508 is divided by 10.
8
What is the remainder when 9320 is divided by 96?
8
Calculate the remainder when 117 is divided by 55.
7
What is the remainder when 69298 is divided by 20?
18
Calculate the remainder when 96462 is divided by 347.
343
Calculate the remainder when 85052 is divided by 9450.
2
What is the remainder when 1447 is divided by 30?
7
Calculate the remainder when 147123 is divided by 339.
336
Calculate the remainder when 196835 is divided by 2343.
23
Calculate the remainder when 69298 is divided by 30.
28
Calculate the remainder when 8391 is divided by 1173.
180
What is the remainder when 191537 is divided by 1168?
1153
Calculate the remaind